 - 2) + 5 - (5 + 1)?
16
2 + (1 - 47) - (-15 + -35 - -64)
-58
Evaluate 28 + -1 - (-57 + -13 + 74) - (5 + -1).
19
What is 1 + -53 - (155 - 157) - (-10 - 5)?
-35
Calculate -713 - -733 - (1 - -5).
14
What is the value of 150 - 164 - 1 - (25 - 0)?
-40
Evaluate -12 + -3 + (-2 - (13 - 23)).
-7
What is the value of 15 - 3 - ((-4 - -13 - 4) + -4 + -1)?
12
What is 5 + (50 - 13) - 44?
-2
Calculate 9 - ((8 - 14) + -9 + 0).
24
What is -5 + 41 + (-25 - -11) + 0?
22
What is (3 - (-17 - (-15 - 1)) - 15) + -50?
-61
Calculate (-72 - -130) + -93 - (101 - 0).
-136
Evaluate 5 + -12 + 28 + (-9 - (-11 - -14)).
9
Evaluate 6 + -4 + 2 + (13 - (-79 - -87)).
9
Evaluate 36 - (-33 - -26) - 95.
-52
Evaluate 28 + -29 + (15 - 2 - 2) - (268 + -257).
-1
What is the value of 49 - (-39 - (-64 - -16))?
40
Calculate (-10 - -15 - -1) + 10 + -56 + -21.
-61
What is -73 + (29 - (22 + 1)) + -15 + 3 + 0?
-79
What is 2 + -3 + -2 + (-30 + -2 - -13)?
-22
45 + (-11 - (0 - 1)) + 26 + -26 + 3
38
What is -53 - (-39 - (14 + -28))?
-28
Evaluate (68 - -57) + -159 - 15.
-49
-52 + (101 - 102 - 37)
-90
What is 154 + 116 + -259 - (0 - -102)?
-91
Evaluate (-7709 - -7668) + (1 - (6 + -2)).
-44
What is the value of 66 - ((-6 - (-6 - -4)) + 0) - (-163 + 174)?
59
What is the value of -4 + (-12 - -13) + 34 + -16 - 32?
-17
Calculate 28 + -45 + (-65 - -82) - (1 + -44 + -1).
44
What is the value of (128 - 111) + -8 + 0 + 7 + 54?
70
Evaluate (-50 - -45) + 50 + -54.
-9
What is the value of (38 - 8 - 6) + -100 + 124?
48
Calculate -22 + (-5 - -15 - -5) - (36 - -2) - 8.
-53
What is the value of (107 - 112) + 15 + (-2 - (-7 + (-1 - -1)))?
15
What is -70 - (-35 + 16 + (53 - 42))?
-62
What is -2 + -35 + -8 - (-60 - -46)?
-31
Calculate (-18 - -17 - (19 + -20)) + 2 + -58 + 0.
-56
(6 - -82) + (153 - 203)
38
What is the value of (177 - 276) + (36 - 2)?
-65
-2 + (32 - (48 - 20))
2
Evaluate -3 + (-1 - (-1 - -1)) + (-64 - -7 - -2).
-59
14 + (-15 - (-9 - -6) - (-67 - -58))
11
What is the value of -5 + -18 + 26 + 38 - 1?
40
19 + -106 + 89 + -1 + -4
-3
What is the value of -24 + (-13 + 14 - (3 - 1)) + -1 + -5?
-31
What is -72 - 1 - ((21 - 77) + 45)?
-62
What is the value of -3 + 22 + -60 + 3?
-38
Calculate 35 - (5 + (20 - 11 - 17) - 4).
42
Calculate 49 + (6 - (5 - (5 + -5 + (18 - 6)))).
62
0 + -39 + -2989 + 2969
-59
What is the value of (38 - 118) + 168 - 36?
52
Evaluate (-1 - 3) + (-1 - (-32 - 61)) + (6 - -1).
95
What is the value of -8 + 24 + 42 - 51?
7
What is the value of (2 - -144) + (2338 - 2345)?
139
Calculate 66 - (-56 - -125) - (-68 + 4).
61
Calculate 265 - 292 - (-9 - -4) - (0 - 11).
-11
What is (0 - -37) + -65 + 117 + -45?
44
(51 - (-7 + 7) - 5) + 286 + -289
43
5 + 79 + -149 + 4
-61
14 - (27 - 1 - (-53 + -3 + 37))
-31
What is 50 - (-9 - 3 - (29 - 46))?
45
What is -3 - (-1 - -10) - (5886 - 5963)?
65
What is (-101 - -86) + (-14 - 0) - 12?
-41
What is (-40 - 0 - (78 - 122)) + (-11 - -1)?
-6
Evaluate (10 - -2 - (-46 + 52 + 11)) + -2 + -49.
-56
What is 59 + -75 + -7 + 46?
23
What is the value of 1 + (8 + -1 - 64) + 8?
-48
Calculate -13 - ((25 - 20) + 8 + -1 + -11).
-14
1 - (-1 + 1) - (115 + (-93 - 75)) - 10
44
What is 43 - (3 + (-2 + 9 - -4) + (248 - 259))?
40
What is 1 - (20 + -14 + 11) - -43?
27
What is the value of -653 + 666 - (7 + 0) - (1 + 40)?
-35
What is 38 - (9 - (17 + -11 - -4) - -16)?
23
(7 - (-66 + 67)) + (-1 - -43) + 4 + 0
52
What is the value of (-28 + 11 - -23) + -18 + 7?
-5
What is the value of 1 - (40 - 57 - 27)?
45
What is the value of 106 + -319 - -48 - -63?
-102
Evaluate 15 - (7 - 0) - (24 - (-3 + 1)).
-18
Calculate (-153 - -208) + (5 - 119).
-59
What is the value of 1 + 0 - (11 - (17 - (13 + -17 + 15)))?
-4
What is the value of -27 - (30 + -27 - 59)?
29
What is the value of (0 - 16) + (-25 - -64 - 41)?
-18
-50 + 43 + 24 - (-2 - 2)
21
Calculate 53 - (125 - 133 - -85).
-24
What is the value of 2 + -2 + 40 - (-1 + 2 + 1)?
38
Calculate -69 - (6 - ((26 + -45 - -22) + -5 + -1)).
-78
What is 3 + -8 - (11 + -2 + 19 + -4 + -12)?
-17
What is the value of 6 + (2 - -33) + (-15 - -13 - -7) + 1?
47
Evaluate -112 + 33 + -5 + 134.
50
What is the value of 81 + (6 - (44 + (7 - 32)))?
68
Calculate -80 + 14 + (-26 - -73) + -50.
-69
Calculate -188 + 195 + (-56 - -3).
-46
Calculate 1 + (17 - -43 - 152) + (9 - 1).
-83
Evaluate -150 + (-3 - 48) + 97 + -24.
-128
What is (5 - (10 + 32 + -20 + (44 - 2))) + 6?
-53
What is -4 + (12 - -4) - (25 + -2 + 1) - -110?
98
(-1 + -1 + (132 - 138) - 8) + 11
-5
Calculate 3 + -24 + 3 + 86 + -96.
-28
What is -3 - -26 - ((57 - 54) + (1 - 10))?
29
What is 78 - ((231 - 227) + 5 + 2 + 0)?
67
Evaluate 143 + (-10 + 115 - 171).
77
Evaluate (36 - 38) + (1 - 1) - -3 - 60.
-59
Evaluate (32 + -20 - -10) + -6 + 38.
54
Evaluate -21 + 21 + (-18 - -91) + -22.
51
Evaluate -40 - (-8 + (21 + -28 - -11)).
-36
What is the value of (-89 - -66) + (-2 - (-61 - 1))?
37
Evaluate -56 - 1 - (217 - 220) - 18.
-72
What is -474 - 99 - -565 - (88 - (0 - 0))?
-96
Calculate (-5 - -71) + (209 - 195).
80
What is the value of -3 - (-8 - -1 - -21) - (-10 - -1 - -5)?
-13
What is the value of -92 - (-3 - 0 - -16 - (123 - 105))?
-87
-5 - (-44 + 24 + -19) - (-9 + -2)
45
-1 + 16 + -4 + -3 + 4 + 7
19
Evaluate 43 - (63 + -46) - -50.
76
What is -214 + (176 - -40) - (-37 - 1)?
40
Evaluate -18 + (29 - -13) + -41 - (-1 - -4).
-20
-97 - -138 - (-16 - -50)
7
What is the value of (2 - 1) + 51 + 4 - (139 + -151)?
68
Evaluate -6 + 26 + -13 - (-94 + 8) - 15.
78
What is the value of (0 - -3) + (-58 - -26 - -27) - 7?
-9
-5 + -1 + (0 - 0) + 1814 + -930 + -870
8
Evaluate 10671 - 10730 - (-32 - -1).
-28
43 - (118 - 26) - -89
40
Evaluate (9 + -72 - -1) + 30 + 70.
38
5 - (-2 + -4 + -7 + 22 + -3)
-1
-8 + -6 + (5 - 2) + 6 + -8
-13
1 + 10 + (106 - 104) - (2 + 0) - -83
94
Calculate -20 - (-29 + (-41 - -16)).
34
What is the value of -7 - (-6 - -7) - (-2 - -43 - (-7 - -3))?
-53
21 + 3 + -17 - ((-4 - -20) + -2 + 6)
-13
What is the value of 1 - (-5 + 0 + (12 - 23) + 4)?
13
Calculate 30 + 1 + (66 - 26) + -47.
24
What is the value of -9 - ((43 - 70) + -25)?
43
What is the value of -49 + 31 + (-19 - -9)?
-28
Calculate -80 - -2 - ((32 - -2 - 14) + -10).
-88
Calculate 24 + (25 - (-17 + 63) - (-1 + -12)).
16
What is -1 + (49 - 2 - (35 + -23))?
34
Calculate -10423 + 10427 - (-5 + 5 + (-1 - 7)).
12
What is -6 - (-20 - -22 - 12) - (-1 - -67)?
-62
Calculate 19 - (-7 + 12) - (-19 + (43 - (-4 + 15))).
1
Evaluate 12 + (26 - 11 - 19) - 37.
-29
What is 1 - -64 - (942 + -923)?
46
Calculate 35 + -14 + -21 + (-3 - 5) + 3.
-5
0 - -2 - 2 - (-1 + -23 + 1356 + -1418)
86
2 - (102 + 0) - (1254 + -1229)
-125
Calculate 12 - (18 - (-6 + (-18 - (15 - 67)))).
22
Evaluate (-9 - (-35 + 4)) + (-10 - -5 - -1 - -13).
31
Calculate (24 - 101) + 109 + -58.
-26
(-9 - -4) + 52 + -4 + -6 - 2
35
33 + 55 + (-2 - -6 - -1) + -8
85
-56 - 6 - (-20 - (-39 - -11))
-70
What is -5 + 52 + -46 - (65 + 5 + 1)?
-70
Evaluate 1 + 31 + (1 - 0 - (92 + 9 + -95)).
27
What is (17 - 25) + (11 - (-31 - -11 - 1))?
24
What is the value of -105 - (0 + 1 + -1) - (105122 - 105132)?
-95
What is the value of 11 - (47 - (10 + (21 - 0)))?
-5
What is the value of -25 - (-104 - (9 - (-13 + 11)))?
90
80 - 111 - (-19 + -3) - (1 - 1)
-9
What is the value of 2 + 45 + -49 + (2 - -11) + 60?
71
Calculate -51 + 8 + -75 - 19.
-137
Calculate (-1 - (-23 + -31)) + -44.
9
Evaluate 10249 - 10325 - (2 + -1).
-77
Evaluate -7 + -1 + -5 + -214 + 226 - (53 - 0).
-54
-20 - (-9 - (-8 - 2)) - (-97 + 2)
74
-23 + (53 - (-19 - -69) - ((-4 - -3) + -1))
-18
What is the value of -11 - -60 - -23 - -11?
83
What is the value of 40 + -6 - (-30 - (-52 + 18))?
30
Calculate 4 - (54 + (-5 - -5) + 3 + -3 + 1).
-51
What is (-5221 - -5332) + (2 - 63)?
50
Evaluate -63 + 6 + (0 - -9 - (161 - 162)) + -8.
-55
What is the value of -5326 + 5400 + -148 + 0?
-74
What is -47 - (-33 - (-13 + -13 + -8))?
-48
What is 7 + (-11 - 30) - -47?
13
What is the value of -9 - (-53 - (-41 - -47))?
50
Calculate -15 + (-46 - -11) - (-9 + 0).
-41
Evaluate 6 + (-4 - -3) + 6 + 2 + -2 + -8.
3
What is (-4 + 0 + -9 - 10) + 11 - 20?
-32
What is the value of -13 - 1 - ((5 - 28) + -7 + -10)?
26
Calculate ((-79 - -32) + 37 - (-1 + -9)) + -2 + -4.
-6
11 - (52 + -100 - -69)
-10
Evaluate -50 + 56 + 1 + 0 + -2 - -18.
23
What is -108 - (11 - 68) - 15?
-66
Evaluate (-38 - 10 - -12) + 95.
59
What is the val